s 36373 prime?
True
Is 5273 prime?
True
Is 9277 prime?
True
Is 6931 a prime number?
False
Is 782281 a prime number?
False
Is 2881 a composite number?
True
Is 9923 composite?
False
Is 824357 prime?
False
Is 12283 a prime number?
False
Is 3271 composite?
False
Is 144038 composite?
True
Is 22045 a prime number?
False
Is 146879 a composite number?
True
Is 222977 a composite number?
False
Is 2879 prime?
True
Is 1198 a prime number?
False
Is 21058 prime?
False
Is 10477 composite?
False
Is 334681 composite?
False
Is 4987 a composite number?
False
Is 2081 a prime number?
True
Is 44729 a prime number?
True
Is 12469 composite?
True
Is 3649 composite?
True
Is 260877 composite?
True
Is 623483 a prime number?
False
Is 563 a composite number?
False
Is 6619 composite?
False
Is 30341 a composite number?
False
Is 2201 a prime number?
False
Is 1563017 prime?
True
Is 24943 composite?
False
Is 20743 a prime number?
True
Is 381665 a prime number?
False
Is 166063 a composite number?
False
Is 56273 prime?
False
Is 2437 a composite number?
False
Is 27767 a composite number?
False
Is 1099 a prime number?
False
Is 5095 a composite number?
True
Is 12689 composite?
False
Is 1205885 composite?
True
Is 833099 a prime number?
True
Is 9781 composite?
False
Is 617647 composite?
False
Is 127031 prime?
True
Is 98153 a composite number?
True
Is 694259 a prime number?
True
Is 851993 a composite number?
True
Is 15089 prime?
False
Is 587 prime?
True
Is 45707 a prime number?
True
Is 9529 a composite number?
True
Is 1445497 prime?
True
Is 19319 a prime number?
True
Is 253 a composite number?
True
Is 105071 prime?
True
Is 207773 composite?
True
Is 4201 composite?
False
Is 3353 a prime number?
False
Is 26453 a composite number?
True
Is 232793 prime?
False
Is 4045 composite?
True
Is 506183 composite?
False
Is 971 a composite number?
False
Is 131633 prime?
False
Is 6521 composite?
False
Is 17339 prime?
False
Is 426019 prime?
False
Is 103723 composite?
False
Is 3433 prime?
True
Is 2179 composite?
False
Is 8053 prime?
True
Is 17531 composite?
True
Is 116543 prime?
False
Is 4547 a composite number?
False
Is 211147 composite?
True
Is 8201333 a prime number?
False
Is 97 prime?
True
Is 10967 a composite number?
True
Is 7331 a prime number?
True
Is 146269 composite?
True
Is 331009 a prime number?
False
Is 340801 composite?
False
Is 708805 a prime number?
False
Is 4547 a composite number?
False
Is 6115 composite?
True
Is 84173 a composite number?
True
Is 660369 prime?
False
Is 3464635 a prime number?
False
Is 24713 prime?
False
Is 22307 prime?
True
Is 41161 a composite number?
False
Is 123863 composite?
False
Is 3109 a composite number?
False
Is 23977 prime?
True
Is 465583 a prime number?
False
Is 12323 a prime number?
True
Is 1278551 prime?
True
Is 875195 a prime number?
False
Is 553897 a prime number?
True
Is 57899 a composite number?
False
Is 4709213 prime?
True
Is 446 a composite number?
True
Is 61394 prime?
False
Is 813707 prime?
True
Is 4769 a prime number?
False
Is 17807 prime?
True
Is 38639 composite?
False
Is 1190663 a prime number?
False
Is 28789 a prime number?
True
Is 27323 composite?
True
Is 16097 a prime number?
True
Is 13649 composite?
False
Is 98357 a prime number?
False
Is 11541 a composite number?
True
Is 32161 composite?
True
Is 1089437 a composite number?
True
Is 19571 a prime number?
True
Is 14369 a composite number?
False
Is 2287241 composite?
True
Is 532955 a prime number?
False
Is 360749 composite?
False
Is 73109 a prime number?
False
Is 13709 a composite number?
False
Is 17231 a composite number?
False
Is 276623 composite?
False
Is 513431 prime?
True
Is 887 prime?
True
Is 147271 prime?
False
Is 764657 composite?
False
Is 9235 composite?
True
Is 2514613 a composite number?
True
Is 54917 a composite number?
False
Is 464902 a prime number?
False
Is 48947 a composite number?
False
Is 7249 a composite number?
True
Is 3457 a composite number?
False
Is 11369 a composite number?
False
Is 1018 prime?
False
Is 7169 prime?
False
Is 2102311 prime?
True
Is 41343 a prime number?
False
Is 34649 composite?
False
Is 140297 prime?
True
Is 227109 a composite number?
True
Is 4729 a composite number?
False
Is 54083 composite?
False
Is 10805 composite?
True
Is 15299 composite?
False
Is 1255 prime?
False
Is 41719 prime?
True
Is 36807 a prime number?
False
Is 936483 composite?
True
Is 26759 prime?
True
Is 24943 prime?
True
Is 2159 a prime number?
False
Is 2042047 composite?
True
Is 7607 a prime number?
True
Is 1686169 a composite number?
False
Is 365201 a prime number?
True
Is 447589 composite?
True
Is 737349 a prime number?
False
Is 22551 a prime number?
False
Is 24749 a composite number?
False
Is 112181 composite?
False
Is 93683 prime?
True
Is 101911 a prime number?
False
Is 91441 composite?
True
Is 364101 a prime number?
False
Is 2302 prime?
False
Is 51358 a composite number?
True
Is 21673 a composite number?
False
Is 2028839 composite?
True
Is 1039 a prime number?
True
Is 67407 composite?
True
Is 603487 a composite number?
False
Is 2426 a prime number?
False
Is 187751 prime?
True
Is 325859 a prime number?
False
Is 165311 a composite number?
False
Is 15179 a composite number?
True
Is 2843 a composite number?
False
Is 142949 a prime number?
True
Is 423839 prime?
False
Is 37787 composite?
True
Is 42169 prime?
True
Is 23158 a composite number?
True
Is 863959 a composite number?
False
Is 71039 a composite number?
False
Is 178289 a prime number?
True
Is 373939 composite?
True
Is 293 a composite number?
False
Is 39873 a composite number?
True
Is 14029 prime?
True
Is 245171 a prime number?
True
Is 776921 prime?
True
Is 74105 composite?
True
Is 10193 prime?
True
Is 760301 composite?
False
Is 11261 a composite number?
False
Is 643789 a prime number?
False
Is 10961 composite?
True
Is 5603 composite?
True
Is 1603 prime?
False
Is 250237 a composite number?
True
Is 9197 a composite number?
True
Is 128279 a composite number?
True
Is 44521 composite?
True
Is 41189 prime?
True
Is 24627 a composite number?
True
Is 46231 composite?
True
Is 33997 a composite number?
False
Is 1009 composite?
False
Is 261889 a prime number?
False
Is 3235171 a composite number?
False
Is 10301 a composite number?
False
Is 209411 composite?
True
Is 20227 a prime number?
False
Is 5567 a composite number?
True
Is 7541 a prime number?
True
Is 98293 a prime number?
False
Is 349753 a composite number?
False
Is 7341 composite?
True
Is 120035 composite?
True
Is 423601 a composite number?
False
Is 1565842 a prime number?
False
Is 35863 a prime number?
True
Is 52489 composite?
False
Is 17617 composite?
True
Is 60433 a composite number?
True
Is 25765 composite?
True
Is 21701 a prime number?
True
Is 173429 composite?
False
Is 1529 prime?
False
Is 1183121 a composite number?
False
Is 54541 prime?
True
Is 1511 a prime number?
True
Is 159389 composite?
False
Is 7669 prime?
True
Is 53 a prime number?
True
Is 4373 composite?
False
Is 61927 composite?
False
Is 346303 composite?
False
Is 4391 a composite number?
False
Is 1314767 prime?
True
Is 2983 a composite number?
True
Is 37469 composite?
True
Is 533573 a composite number?
False
Is 24383 a composite number?
True
Is 92507 prime?
True
Is 1050947 composite?
True
Is 3153 composite?
True
Is 4769 a composite number?
True
Is 445 a composite number?
True
Is 1058329 a prime number?
True
Is 7895 composite?
True
Is 5191 a prime number?
False
Is 124373 a composite number?
True
Is 78427 a prime number?
True
Is 13954 a composite number?
True
Is 17111 prime?
False
Is 114013 a composite number?
False
Is 14591 a prime number?
True
Is 23869 a composite number?
False
Is 48053 a composite number?
True
Is 375509 prime?
True
Is 1915 prime?
False
Is 34667 prime?
True
Is 2839 prime?
False
Is 191599 composite?
False
Is 45587 composite?
False
Is 414241 composite?
False
Is 87251 composite?
False
Is 74551 a prime number?
True
Is 342383 a prime number?
False
Is 1990389 a composite number?
True
Is 2759 a prime number?
False
Is 6788647 composite?
False
Is 52747 a prime number?
True
Is 36415 a prime number?
False
Is 172847 a prime number?
False
Is 827097 a composite number?
True
Is 234457 composite?
False
Is 26139 a composite number?
True
Is 88589 a prime number?
True
Is 74599 prime?
False
Is 168239 a composite number?
Tr